y 15?
14
Calculate the remainder when 313 is divided by 260.
53
Calculate the remainder when 167 is divided by 8.
7
What is the remainder when 197 is divided by 34?
27
What is the remainder when 130 is divided by 59?
12
Calculate the remainder when 509 is divided by 34.
33
What is the remainder when 1936 is divided by 34?
32
Calculate the remainder when 1544 is divided by 384.
8
Calculate the remainder when 2081 is divided by 90.
11
What is the remainder when 112 is divided by 51?
10
What is the remainder when 1558 is divided by 111?
4
Calculate the remainder when 184 is divided by 24.
16
What is the remainder when 219 is divided by 16?
11
What is the remainder when 483 is divided by 9?
6
What is the remainder when 40 is divided by 18?
4
Calculate the remainder when 54 is divided by 15.
9
What is the remainder when 1005 is divided by 53?
51
What is the remainder when 116 is divided by 94?
22
What is the remainder when 418 is divided by 8?
2
Calculate the remainder when 924 is divided by 5.
4
Calculate the remainder when 7763 is divided by 969.
11
What is the remainder when 1146 is divided by 283?
14
Calculate the remainder when 417 is divided by 22.
21
What is the remainder when 699 is divided by 18?
15
What is the remainder when 5807 is divided by 18?
11
Calculate the remainder when 3433 is divided by 43.
36
Calculate the remainder when 33 is divided by 9.
6
Calculate the remainder when 96 is divided by 29.
9
What is the remainder when 32498 is divided by 50?
48
What is the remainder when 45 is divided by 23?
22
What is the remainder when 267 is divided by 131?
5
Calculate the remainder when 455 is divided by 213.
29
What is the remainder when 182 is divided by 63?
56
Calculate the remainder when 34 is divided by 6.
4
What is the remainder when 734 is divided by 68?
54
Calculate the remainder when 111 is divided by 32.
15
What is the remainder when 1756 is divided by 100?
56
What is the remainder when 613 is divided by 44?
41
Calculate the remainder when 251 is divided by 21.
20
Calculate the remainder when 836 is divided by 3.
2
Calculate the remainder when 501 is divided by 475.
26
Calculate the remainder when 7983 is divided by 121.
118
Calculate the remainder when 580 is divided by 52.
8
Calculate the remainder when 263 is divided by 19.
16
Calculate the remainder when 1307 is divided by 109.
108
Calculate the remainder when 588 is divided by 202.
184
What is the remainder when 1250 is divided by 74?
66
What is the remainder when 103 is divided by 28?
19
What is the remainder when 529 is divided by 526?
3
Calculate the remainder when 271 is divided by 81.
28
Calculate the remainder when 10682 is divided by 64.
58
Calculate the remainder when 2340 is divided by 57.
3
What is the remainder when 477 is divided by 217?
43
Calculate the remainder when 3554 is divided by 1773.
8
What is the remainder when 1059 is divided by 188?
119
What is the remainder when 257 is divided by 20?
17
Calculate the remainder when 801 is divided by 116.
105
Calculate the remainder when 123 is divided by 89.
34
What is the remainder when 186 is divided by 12?
6
What is the remainder when 3989 is divided by 30?
29
What is the remainder when 1108 is divided by 30?
28
What is the remainder when 924 is divided by 131?
7
Calculate the remainder when 6 is divided by 6.
0
What is the remainder when 118 is divided by 46?
26
Calculate the remainder when 70 is divided by 15.
10
What is the remainder when 211 is divided by 31?
25
Calculate the remainder when 724 is divided by 194.
142
Calculate the remainder when 1375 is divided by 81.
79
What is the remainder when 150 is divided by 17?
14
Calculate the remainder when 53 is divided by 9.
8
What is the remainder when 142 is divided by 51?
40
What is the remainder when 2070 is divided by 8?
6
What is the remainder when 34 is divided by 9?
7
What is the remainder when 112 is divided by 30?
22
What is the remainder when 1648 is divided by 25?
23
Calculate the remainder when 1703 is divided by 24.
23
What is the remainder when 81 is divided by 28?
25
What is the remainder when 1262 is divided by 159?
149
What is the remainder when 85 is divided by 7?
1
Calculate the remainder when 4359 is divided by 208.
199
Calculate the remainder when 507 is divided by 171.
165
What is the remainder when 519 is divided by 166?
21
Calculate the remainder when 837 is divided by 213.
198
Calculate the remainder when 9110 is divided by 49.
45
Calculate the remainder when 108 is divided by 43.
22
What is the remainder when 1397 is divided by 27?
20
Calculate the remainder when 34 is divided by 23.
11
What is the remainder when 544 is divided by 303?
241
What is the remainder when 2401 is divided by 93?
76
Calculate the remainder when 52 is divided by 16.
4
Calculate the remainder when 146 is divided by 10.
6
Calculate the remainder when 14 is divided by 13.
1
Calculate the remainder when 5400 is divided by 73.
71
Calculate the remainder when 1759 is divided by 84.
79
What is the remainder when 2406 is divided by 84?
54
What is the remainder when 149 is divided by 19?
16
Calculate the remainder when 5199 is divided by 20.
19
Calculate the remainder when 98 is divided by 33.
32
Calculate the remainder when 1399 is divided by 28.
27
What is the remainder when 177 is divided by 12?
9
Calculate the remainder when 129 is divided by 43.
0
Calculate the remainder when 163 is divided by 32.
3
What is the remainder when 421 is divided by 53?
50
Calculate the remainder when 121 is divided by 17.
2
What is the remainder when 285 is divided by 56?
5
Calculate the remainder when 3941 is divided by 36.
17
Calculate the remainder when 261 is divided by 21.
9
What is the remainder when 204 is divided by 23?
20
Calculate the remainder when 10300 is divided by 2572.
12
What is the remainder when 1617 is divided by 45?
42
What is the remainder when 154 is divided by 50?
4
Calculate the remainder when 369 is divided by 116.
21
What is the remainder when 545 is divided by 91?
90
What is the remainder when 9864 is divided by 69?
66
What is the remainder when 471 is divided by 14?
9
Calculate the remainder when 180 is divided by 85.
10
What is the remainder when 45 is divided by 34?
11
Calculate the remainder when 2113 is divided by 23.
20
Calculate the remainder when 113 is divided by 28.
1
What is the remainder when 35 is divided by 13?
9
Calculate the remainder when 365 is divided by 38.
23
What is the remainder when 49 is divided by 5?
4
What is the remainder when 183 is divided by 29?
9
What is the remainder when 3739 is divided by 1863?
13
What is the remainder when 35107 is divided by 141?
139
What is the remainder when 2381 is divided by 398?
391
Calculate the remainder when 583 is divided by 56.
23
Calculate the remainder when 4423 is divided by 56.
55
Calculate the remainder when 443 is divided by 216.
11
What is the remainder when 1402 is divided by 34?
8
What is the remainder when 231 is divided by 24?
15
What is the remainder when 868 is divided by 73?
65
Calculate the remainder when 142 is divided by 128.
14
What is the remainder when 919 is divided by 92?
91
Calculate the remainder when 113 is divided by 13.
9
What is the remainder when 133 is divided by 72?
61
Calculate the remainder when 162 is divided by 148.
14
What is the remainder when 1802 is divided by 202?
186
What is the remainder when 142 is divided by 55?
32
What is the remainder when 14 is divided by 12?
2
What is the remainder when 1293 is divided by 412?
57
What is the remainder when 289 is divided by 25?
14
Calculate the remainder when 205 is divided by 69.
67
Calculate the remainder when 497 is divided by 25.
22
Calculate the remainder when 704 is divided by 54.
2
What is the remainder when 851 is divided by 7?
4
What is the remainder when 344 is divided by 71?
60
Calculate the remainder when 7107 is divided by 245.
2
What is the remainder when 460 is divided by 16?
12
What is the remainder when 1599 is divided by 1597?
2
Calculate the remainder when 389 is divided by 139.
111
Calculate the remainder when 351 is divided by 17.
11
Calculate the remainder when 865 is divided by 426.
13
What is the remainder when 947 is divided by 34?
29
What is the remainder when 353 is divided by 90?
83
